2 - 54
-45
What is the value of 4 + 81 - (-6 + (26 - 16))?
81
What is 5 - ((4 - ((4 - -9) + -29)) + 7)?
-22
What is -40 + 37 + (0 + 0 - -95) - (-240 - -240)?
92
What is the value of 3 - (-238 + 265 - (22 - -1))?
-1
(-5 - (-10 + -28)) + -47
-14
What is -39 + 0 + (-35 - -110 - 88)?
-52
What is the value of 138 + -162 + (0 - (6 + -4)) + 2?
-24
14 + -5 - (205 + -184) - (-1 - -44)
-55
Calculate 195 + (-199 - -130) + -238.
-112
(459 - 396) + (1 - 48)
16
What is 45 + (16 - 10) + (-3 - -21)?
69
What is 9 - (-19 + 7 - -23) - (-116 + 0)?
114
(-24 - -8) + -8 + 60 + 13
49
What is the value of -114 - 4 - -248 - 41?
89
Evaluate 80 + (53 + (-20 - 1 - -4) - 22).
94
Calculate 69 + (-24 + 29 - 68) + (85 - 1).
90
What is (-9 - -18) + -8 + -7 + 1 + -43 - -1?
-47
What is (-2 + 4 - -3) + -37 + 16 + 91?
75
What is the value of 74 + (-112 - (89 + -150))?
23
What is the value of -31 + 39 + (-1 - 9) + 2 + -44?
-44
What is the value of (17 - (0 + 15 + 1)) + -62 - 4?
-65
Evaluate 137 + -84 + (1 - 3 - (5 - 3)) + 16.
65
What is the value of -2 + ((10 - (20 - 4)) + (0 - -10) - -23)?
25
Evaluate -13 - ((2 - (-5 - -22)) + 2) - (-10 - 2).
12
Evaluate (22 - 43) + (31 - 9 - -12).
13
What is (11 - (-13 - ((-2 - -20) + -24))) + -159?
-141
What is the value of -4 + 7 - (-4 + 35 - -16) - (-5 + 0)?
-39
Calculate -13 + (-21 - -14 - 3 - 18).
-41
Evaluate 31 + (1 + -27 + 36 - (-1 + 9 - 0)).
33
What is the value of (-1 - -7 - (-1198 - -1209)) + -3 + -1?
-9
What is the value of 17 - (-48 + 140 + -46)?
-29
What is the value of 56 - (4 - 3 - 7) - (-68 - -79)?
51
What is 139 - 134 - (30 + 22)?
-47
(4 - (-2 + 2 + 0) - (144 - 89)) + 1
-50
What is the value of -38 - (-45 + -11) - (-3 + 1 - 13)?
33
Calculate -2 + -36 - (61 - 75) - (9 + 5).
-38
Evaluate 80 - ((-20 - 7) + 192).
-85
Calculate 2 + 5 - (-5 - (-3 - 57 - (-2 - 0))).
-46
(15 - 1) + (282 - 265)
31
55 + (-96 - (-92 + 80))
-29
(-57 - -34) + (14 - 49) + -3
-61
What is the value of (-10 - -8) + (64 - (-6 + -2 + (58 - 46)))?
58
Evaluate 28 + (284 + -272 - ((1 - 3) + 11)) - 12.
19
Calculate (-2 - 8) + 2 - (-1892 + 1801 + (-40 - -2)).
121
What is (-33 - -24 - -14) + 39?
44
What is the value of 0 + 13 + (-56 - ((-33 - 1) + 4))?
-13
Evaluate 157 - (217 + -93 + -21).
54
What is the value of 37 - (-3 - -33 - (37 + -85))?
-41
-2 + (82 - 2) - 104
-26
What is the value of 545 + -589 - (-66 - -4)?
18
Calculate 16 + (56 - (1 + 58)) + 32 + 0.
45
What is 4 - (-3 - -8) - (-5 - (-136 - -133))?
1
What is the value of -8 - (-2 - (1 - (2 + 10)) - (-1 + 7))?
-11
Evaluate 3 + 25 + -7 + 36 + -12.
45
-17 - ((-11 - 11) + 9 + (-36 - -16))
16
What is the value of 98 + -12 + -19 + (29 - 28 - 22)?
46
What is 11 - (-24 - -54 - -13)?
-32
Calculate 3 + -2 + -1 + 9 + 46731 + -46647.
93
(-1 - 4) + (-4 - (6 + 3 - (-32 - 7)))
-57
-4468 + 4453 - (-21 - 1)
7
Calculate (51 - 2) + (285 - 352).
-18
Calculate -87 - (2 - 16 - (-187 + 170) - 4).
-86
What is (107 - (97 + -39)) + -21?
28
Evaluate -23 - ((-111 - -54) + 40).
-6
Calculate (1 - -7) + -5846 + 5786.
-52
Calculate 21 + (-3 - (26 + -16 - -23)).
-15
Evaluate -1 - 9 - (50 - (6 - (-23 + 15))).
-46
(431 - 349) + -22 + -2 + (6 - 8)
56
Calculate 47 + (-85 - (-120 + 35)).
47
Calculate (44 - (-1 - -22 - (-68 + 65))) + -74.
-54
What is the value of 0 + (-130 - -115) - (1 - -53)?
-69
Calculate (-87 - -89) + (-3 - 3) + 8 + 36 + 0.
40
What is 4 - 4 - 4 - (60 + -6 - -57)?
-115
-75 + 22 + (10 - 2) - ((15 - 19) + 7)
-48
Evaluate (-4 - -1) + (36 - (0 - -34) - (-55 - 1)).
55
What is (47 - (-3 - -3)) + -6 + (-56 - -49)?
34
What is (3 + -11 - 0) + (53 - (36 + 28))?
-19
(-19 + (-8 - -20) + -12 - -25) + 76
82
(-1 - 40) + (-76 - (-18 + -30))
-69
Evaluate 2 + -13 + (-7 - (-17 - -1)) - 42.
-44
What is the value of 7 + -3 - (51 - ((12 - 14) + -15 - -10))?
-54
Evaluate (-4907 - -4804) + (-38 - -2).
-139
What is 72 + -2 - (-254 - -289)?
35
Calculate 7 - ((21 - 18) + -2 + 27).
-21
Evaluate -1 - -1 - 0 - (25 + 40 + -21 + -46).
2
-76 + -34 + -1 + (1552 - 1487)
-46
What is (-20858 - -20791) + (17 - (-2 + 1))?
-49
2 + (25 + -34 - -19)
12
Evaluate -18 - ((18 - -39) + -133).
58
What is the value of 4 + (0 - -1) - (-42 + (8 + 2 - -26))?
11
What is the value of 2174 + -2153 + (-1 - 85)?
-65
What is 6 + (6 + -19 + (9 - 7) - (-24 + -5))?
24
Evaluate -2 + -1 + (31 - (-22 - -32 - (6 + 2))).
26
Calculate -1 + (-2 + 0 - (31 - 66 - (-26 - -3))).
9
Evaluate 35 + -15 + 1 + -6 + -1.
14
What is -3 - (90 + -64 - -5)?
-34
130 + -161 + 1 + 0 + (-2 - -10)
-22
5 + 36 - -41 - 22
60
Evaluate ((-36 - (-7 + -12)) + 70 - (2 - -3)) + 11.
59
What is -34 + (34 - -3) + (10 - 1) - 13 - -93?
92
Calculate 84 - 45 - -39 - (-11 + (5 + -3 - 3)).
90
Calculate (-3 - 3 - -23) + (8 - (-8 - (-1 - 7))).
25
3 + -49 + 6 + 50
10
Calculate -164 + 159 - (-3 - -2) - -1.
-3
What is the value of -33 - (-98 - (-107 + 42))?
0
12 - (-18 - 9 - -11 - -141) - 9
-122
Calculate (0 - -8) + (-37 - -30) + (-23 - (1 + -29)).
6
Calculate -60 + 3 + 8 + 86.
37
What is 1 - -4 - (-8 - (-44 + 17)) - -15?
1
What is (7 - 12) + (-48 - -101) + 23?
71
1600 + -1620 - (41 - -1)
-62
-12 + -20 - (-113 - -119)
-38
Calculate 70 + -3 + (-56 - -14).
25
What is the value of (-19 + -9 - -70) + -72?
-30
Evaluate 24 - 1 - ((-9 - -112) + -113).
33
What is 19277 + -19281 - (0 + -9)?
5
11 - (64 + (-115 - -28))
34
92 - (20 + 20) - 11
41
-1612 + 1655 + (3 - -13)
59
(15 - -2) + (55 - 69) + 1 + -56
-52
Calculate -360 + 376 + -6 + -35.
-25
Evaluate -25 - (-18 - (12 - ((10 - -18) + -3))).
-20
What is the value of 9 + (-131 - -139 - (2 + 1 - -53))?
-39
Calculate 3 + (0 - (-8 + -2)) + 23 + -31 + -35.
-30
What is (26 - 26) + -4 + (39 - -4 - 13)?
26
Calculate 59 + (-30 - -73) - ((5 - 23) + -3).
123
What is the value of 46 + (72 - -1) - (3 + -5 - -20)?
101
What is -624 + 561 + 0 + 75?
12
Calculate (-13 - 10 - 22) + 102.
57
Calculate -5 + (-65 - -178) - 69.
39
What is the value of -122 - (-16 - (-13 - (2 - 2 - (-70 - -72))))?
-117
What is the value of -38 + 141 - (-72 + 203)?
-28
What is 30 + -53 + 1 - (-39 + -51)?
68
Calculate (-49 - -62 - (24 + 4)) + -26.
-41
(-1 - 11) + (-43 - -34 - (-2 - (33 + 3)))
17
What is -11 + -117 + (-27 - -16)?
-139
What is the value of 75 - (5 + -6 + 29 + (19 - 34))?
62
Calculate (24 - 26) + 22 + 23.
43
Calculate -8 + 14 + 17 + 9 + 1.
33
What is the value of 18 - (11 + 4 - 46 - -2)?
47
-90 - (34 + -19 + 14 + -15 - 12)
-92
Calculate -6 + 19 + -11 - (-19 + 4 + 6 - -2).
9
What is the value of -40 + -8 + -210 + 194?
-64
Calculate 2 - (2 + 43 + -58).
15
Calculate 5 + -2 - ((3 - 1) + -275 + 252).
24
Calculate 5 + -196 - (-2114 - -2044).
-121
What is the value of (5 - (-18 + 32 - -8)) + -4?
-21
Evaluate 1 - -7 - (72 - (92 + -45)) - 56.
-73
Calculate (56 - -3) + -8 + 5 + -10 + 6.
52
What is (-49 - (-6 + -56)) + 1?
14
Evaluate (138 - 78) + 37 + -31.
66
What is the value of -18 - (-71 + (45 - 11))?
19
Evaluate (0 - -65) + -150 + 102.
17
1 - (-12 + -2 + 3 - (-6 - -14))
20
-158 + -11 + 132 + 30
-7
Evaluate -72 + (164 - 87) + (1 - (-3 - -59)).
-50
Calculate 55 - ((1 + -32 - -52) + -14 + -1).
49
Calculate (-2464 - -2484) + (-41 - (0 - -1)).
-22
What is the value of 6477 + -6310 - ((-3 - -2 - 1) + 26)?
143
-108 - (23 - (-19 - -22 - -29))
-99
What is the value of 50 + 0 + -8 + -70?
-28
What is 167 + -90 + -92 + -29?
-44
Calculate -139 + (65 - (-91 + 145)).
-128
Evaluate -38 - (116 - 221 - (-5 + 0)).
62
What is the value of (-3 + 4 + 3 - (11 + 3)) + 16 + -14?
-8
-31 + -1 + 11 + -1143 + 1206
42
63 + -59 + -30 + 49
23
What is 3 + (-4 + -1 - (-3 - 7 - 5))?
13
What is the value of -37 + 28 + (4 + 53 - 1) + 5?
52
Calculate -34 - (-4 - 9) - 2.
-23
Calculate -46 - (-25 + -19 + 15 - -3).
-20
Evaluate -39 + 45 - (4 + -2).
4
Evaluate -79 + 14 + (3 - -3) + -94 + 90.
-63
What is 3 - ((-8 - -6) + -6 + -2 + -44)?
57
What is the value of -41 - (-593 - -578 - (-8 + 1))?
-33
What is (65 - 15) + -176 - (2 + -15)?
-113
Calculate -23 + -3 + 18 + (-118 - -79).
-47
Calculate -40 - (-33 + -1 + (141 - 138)).
-9
What is the value of (-13 - (-77 + (-3 - -5))) + 29 + -26?
65
Calculate -105 - -106 - (-46 + -2 - 1).
50
20 - -1 - (29 - ((16 - 5) + 16 + -11))
8
What is the value of -121 + (114 - (-15 + -84))?
92
Calculate -42 + 15 + 36 + -42.
-33
What is (-68 - (-3 - 30)) + 4 + -43?
-74
What is 8 + ((-3 - -7) + 2 - (-45 + 56)) - 13?
-10
What is the value of -2 + (-2 - 